[INFO] cloning repository https://github.com/audunhalland/rust-realworld-ioc
[INFO] running `Command { std: "git" "-c" "credential.helper=" "-c" "credential.helper=/workspace/cargo-home/bin/git-credential-null" "clone" "--bare" "https://github.com/audunhalland/rust-realworld-ioc" "/workspace/cache/git-repos/https%3A%2F%2Fgithub.com%2Faudunhalland%2Frust-realworld-ioc", kill_on_drop: false }`
[INFO] [stderr] Cloning into bare repository '/workspace/cache/git-repos/https%3A%2F%2Fgithub.com%2Faudunhalland%2Frust-realworld-ioc'...
[INFO] running `Command { std: "git" "rev-parse" "HEAD", kill_on_drop: false }`
[INFO] [stdout] ec0b4ee2d448fe3d6dcc1ab2db4beeb0787e169c
[INFO] checking audunhalland/rust-realworld-ioc against master#9610dfe5a9a731ced1ea4923ecbd0c57fe367898 for beta-170-4
[INFO] running `Command { std: "git" "clone" "/workspace/cache/git-repos/https%3A%2F%2Fgithub.com%2Faudunhalland%2Frust-realworld-ioc" "/workspace/builds/worker-2-tc1/source", kill_on_drop: false }`
[INFO] [stderr] Cloning into '/workspace/builds/worker-2-tc1/source'...
[INFO] [stderr] done.
[INFO] validating manifest of git repo https://github.com/audunhalland/rust-realworld-ioc on toolchain 9610dfe5a9a731ced1ea4923ecbd0c57fe367898
[INFO] running `Command { std: CARGO_HOME="/workspace/cargo-home" RUSTUP_HOME="/workspace/rustup-home" "/workspace/cargo-home/bin/cargo" "+9610dfe5a9a731ced1ea4923ecbd0c57fe367898" "metadata" "--manifest-path" "Cargo.toml" "--no-deps", kill_on_drop: false }`
[INFO] started tweaking git repo https://github.com/audunhalland/rust-realworld-ioc
[INFO] finished tweaking git repo https://github.com/audunhalland/rust-realworld-ioc
[INFO] tweaked toml for git repo https://github.com/audunhalland/rust-realworld-ioc written to /workspace/builds/worker-2-tc1/source/Cargo.toml
[INFO] crate git repo https://github.com/audunhalland/rust-realworld-ioc already has a lockfile, it will not be regenerated
[INFO] running `Command { std: CARGO_HOME="/workspace/cargo-home" RUSTUP_HOME="/workspace/rustup-home" "/workspace/cargo-home/bin/cargo" "+9610dfe5a9a731ced1ea4923ecbd0c57fe367898" "fetch" "--manifest-path" "Cargo.toml", kill_on_drop: false }`
[INFO] [stderr]     Updating crates.io index
[INFO] [stderr]  Downloading crates ...
[INFO] [stderr]   Downloaded implementation v0.1.3
[INFO] [stderr]   Downloaded entrait v0.5.3
[INFO] [stderr]   Downloaded unimock v0.4.10
[INFO] [stderr]   Downloaded entrait_macros v0.5.3
[INFO] [stderr]   Downloaded unimock_macros v0.4.10
[INFO] running `Command { std: "docker" "create" "-v" "/var/lib/crater-agent-workspace/builds/worker-2-tc1/target:/opt/rustwide/target:rw,Z" "-v" "/var/lib/crater-agent-workspace/builds/worker-2-tc1/source:/opt/rustwide/workdir:ro,Z" "-v" "/var/lib/crater-agent-workspace/cargo-home:/opt/rustwide/cargo-home:ro,Z" "-v" "/var/lib/crater-agent-workspace/rustup-home:/opt/rustwide/rustup-home:ro,Z" "-e" "SOURCE_DIR=/opt/rustwide/workdir" "-e" "CARGO_TARGET_DIR=/opt/rustwide/target" "-e" "CARGO_HOME=/opt/rustwide/cargo-home" "-e" "RUSTUP_HOME=/opt/rustwide/rustup-home" "-w" "/opt/rustwide/workdir" "-m" "1610612736" "--user" "0:0" "--network" "none" "ghcr.io/rust-lang/crates-build-env/linux@sha256:5ff2268d62e97bff2cde7d5815dd6ed5b47097566f13b8d0ca110b04b60e07ed" "/opt/rustwide/cargo-home/bin/cargo" "+9610dfe5a9a731ced1ea4923ecbd0c57fe367898" "metadata" "--no-deps" "--format-version=1", kill_on_drop: false }`
[INFO] [stdout] 5a1f093c633115a4548672b6db2636fca8f50db0e8978cf43af3f8e60b4ec770
[INFO] running `Command { std: "docker" "start" "-a" "5a1f093c633115a4548672b6db2636fca8f50db0e8978cf43af3f8e60b4ec770", kill_on_drop: false }`
[INFO] running `Command { std: "docker" "inspect" "5a1f093c633115a4548672b6db2636fca8f50db0e8978cf43af3f8e60b4ec770", kill_on_drop: false }`
[INFO] running `Command { std: "docker" "rm" "-f" "5a1f093c633115a4548672b6db2636fca8f50db0e8978cf43af3f8e60b4ec770", kill_on_drop: false }`
[INFO] [stdout] 5a1f093c633115a4548672b6db2636fca8f50db0e8978cf43af3f8e60b4ec770
[INFO] running `Command { std: "docker" "create" "-v" "/var/lib/crater-agent-workspace/builds/worker-2-tc1/target:/opt/rustwide/target:rw,Z" "-v" "/var/lib/crater-agent-workspace/builds/worker-2-tc1/source:/opt/rustwide/workdir:ro,Z" "-v" "/var/lib/crater-agent-workspace/cargo-home:/opt/rustwide/cargo-home:ro,Z" "-v" "/var/lib/crater-agent-workspace/rustup-home:/opt/rustwide/rustup-home:ro,Z" "-e" "SOURCE_DIR=/opt/rustwide/workdir" "-e" "CARGO_TARGET_DIR=/opt/rustwide/target" "-e" "CARGO_INCREMENTAL=0" "-e" "RUST_BACKTRACE=full" "-e" "RUSTFLAGS=--cap-lints=forbid" "-e" "RUSTDOCFLAGS=--cap-lints=forbid" "-e" "CARGO_HOME=/opt/rustwide/cargo-home" "-e" "RUSTUP_HOME=/opt/rustwide/rustup-home" "-w" "/opt/rustwide/workdir" "-m" "1610612736" "--user" "0:0" "--network" "none" "ghcr.io/rust-lang/crates-build-env/linux@sha256:5ff2268d62e97bff2cde7d5815dd6ed5b47097566f13b8d0ca110b04b60e07ed" "/opt/rustwide/cargo-home/bin/cargo" "+9610dfe5a9a731ced1ea4923ecbd0c57fe367898" "check" "--frozen" "--all" "--all-targets" "--message-format=json", kill_on_drop: false }`
[INFO] [stdout] 5318bee1c56ec4df258b4d08f207961fedeabcb3636e85b7e568cb80ffe932ba
[INFO] running `Command { std: "docker" "start" "-a" "5318bee1c56ec4df258b4d08f207961fedeabcb3636e85b7e568cb80ffe932ba", kill_on_drop: false }`
[INFO] [stderr]    Compiling libc v0.2.140
[INFO] [stderr]    Compiling proc-macro2 v1.0.53
[INFO] [stderr]    Compiling unicode-ident v1.0.8
[INFO] [stderr]    Compiling quote v1.0.26
[INFO] [stderr]    Compiling syn v1.0.109
[INFO] [stderr]    Compiling memchr v2.5.0
[INFO] [stderr]    Compiling typenum v1.16.0
[INFO] [stderr]    Compiling generic-array v0.14.6
[INFO] [stderr]    Compiling log v0.4.17
[INFO] [stderr]    Compiling lock_api v0.4.9
[INFO] [stderr]    Compiling futures-core v0.3.27
[INFO] [stderr]    Compiling parking_lot_core v0.9.7
[INFO] [stderr]     Checking once_cell v1.17.1
[INFO] [stderr]    Compiling tokio v1.26.0
[INFO] [stderr]     Checking pin-project-lite v0.2.9
[INFO] [stderr]    Compiling cc v1.0.79
[INFO] [stderr]    Compiling serde_derive v1.0.158
[INFO] [stderr]    Compiling pkg-config v0.3.26
[INFO] [stderr]    Compiling slab v0.4.8
[INFO] [stderr]     Checking bytes v1.4.0
[INFO] [stderr]    Compiling syn v2.0.10
[INFO] [stderr]    Compiling futures-task v0.3.27
[INFO] [stderr]    Compiling serde v1.0.158
[INFO] [stderr]    Compiling futures-channel v0.3.27
[INFO] [stderr]    Compiling ahash v0.7.6
[INFO] [stderr]     Checking smallvec v1.10.0
[INFO] [stderr]     Checking getrandom v0.2.8
[INFO] [stderr]     Checking itoa v1.0.6
[INFO] [stderr]    Compiling futures-util v0.3.27
[INFO] [stderr]    Compiling openssl-sys v0.9.83
[INFO] [stderr]     Checking subtle v2.4.1
[INFO] [stderr]     Checking futures-sink v0.3.27
[INFO] [stderr]    Compiling openssl v0.10.48
[INFO] [stderr]     Checking parking_lot v0.12.1
[INFO] [stderr]     Checking mio v0.8.6
[INFO] [stderr]     Checking num_cpus v1.15.0
[INFO] [stderr]     Checking socket2 v0.4.9
[INFO] [stderr]     Checking signal-hook-registry v1.4.1
[INFO] [stderr]     Checking crypto-common v0.1.6
[INFO] [stderr]     Checking block-buffer v0.10.4
[INFO] [stderr]    Compiling native-tls v0.2.11
[INFO] [stderr]    Compiling parking_lot_core v0.8.6
[INFO] [stderr]     Checking digest v0.10.6
[INFO] [stderr]     Checking futures-io v0.3.27
[INFO] [stderr]    Compiling indexmap v1.9.3
[INFO] [stderr]    Compiling num-traits v0.2.15
[INFO] [stderr]    Compiling crossbeam-utils v0.8.15
[INFO] [stderr]    Compiling serde_json v1.0.94
[INFO] [stderr]     Checking http v0.2.9
[INFO] [stderr]    Compiling rustversion v1.0.12
[INFO] [stderr]    Compiling tinyvec_macros v0.1.1
[INFO] [stderr]     Checking hashbrown v0.12.3
[INFO] [stderr]    Compiling tinyvec v1.6.0
[INFO] [stderr]     Checking tracing-core v0.1.30
[INFO] [stderr]    Compiling time-core v0.1.0
[INFO] [stderr]    Compiling thiserror v1.0.40
[INFO] [stderr]     Checking cpufeatures v0.2.6
[INFO] [stderr]    Compiling crossbeam-queue v0.3.8
[INFO] [stderr]     Checking foreign-types v0.3.2
[INFO] [stderr]    Compiling unicode-normalization v0.1.22
[INFO] [stderr]    Compiling time-macros v0.2.8
[INFO] [stderr]     Checking rand_core v0.6.4
[INFO] [stderr]     Checking ryu v1.0.13
[INFO] [stderr]    Compiling paste v1.0.12
[INFO] [stderr]    Compiling unicode-bidi v0.3.13
[INFO] [stderr]     Checking percent-encoding v2.2.0
[INFO] [stderr]     Checking form_urlencoded v1.1.0
[INFO] [stderr]    Compiling ppv-lite86 v0.2.17
[INFO] [stderr]     Checking tower-service v0.3.2
[INFO] [stderr]    Compiling async-trait v0.1.68
[INFO] [stderr]     Checking base64 v0.13.1
[INFO] [stderr]    Compiling thiserror-impl v1.0.40
[INFO] [stderr]    Compiling minimal-lexical v0.2.1
[INFO] [stderr]    Compiling either v1.8.1
[INFO] [stderr]     Checking openssl-probe v0.1.5
[INFO] [stderr]    Compiling unicode-segmentation v1.10.1
[INFO] [stderr]    Compiling itertools v0.10.5
[INFO] [stderr]    Compiling nom v7.1.3
[INFO] [stderr]    Compiling rand_chacha v0.3.1
[INFO] [stderr]    Compiling heck v0.4.1
[INFO] [stderr]    Compiling parking_lot v0.11.2
[INFO] [stderr]    Compiling idna v0.3.0
[INFO] [stderr]     Checking sha1 v0.10.5
[INFO] [stderr]     Checking http-body v0.4.5
[INFO] [stderr]    Compiling hmac v0.12.1
[INFO] [stderr]    Compiling dirs-sys v0.3.7
[INFO] [stderr]    Compiling tokio-macros v1.8.2
[INFO] [stderr]    Compiling futures-macro v0.3.27
[INFO] [stderr]    Compiling openssl-macros v0.1.0
[INFO] [stderr]    Compiling tracing-attributes v0.1.23
[INFO] [stderr]    Compiling crc-catalog v2.2.0
[INFO] [stderr]    Compiling unicode_categories v0.1.1
[INFO] [stderr]    Compiling httparse v1.8.0
[INFO] [stderr]     Checking tower-layer v0.3.2
[INFO] [stderr]     Checking tracing v0.1.37
[INFO] [stderr]    Compiling sqlformat v0.2.1
[INFO] [stderr]    Compiling atoi v1.0.0
[INFO] [stderr]    Compiling crc v3.0.1
[INFO] [stderr]     Checking tokio-util v0.7.7
[INFO] [stderr]     Checking tokio-native-tls v0.3.1
[INFO] [stderr]    Compiling pin-project-internal v1.0.12
[INFO] [stderr]    Compiling dirs v4.0.0
[INFO] [stderr]    Compiling hkdf v0.12.3
[INFO] [stderr]    Compiling url v2.3.1
[INFO] [stderr]    Compiling sqlx-rt v0.6.3
[INFO] [stderr]    Compiling tokio-stream v0.1.12
[INFO] [stderr]    Compiling futures-intrusive v0.4.2
[INFO] [stderr]    Compiling rand v0.8.5
[INFO] [stderr]    Compiling sha2 v0.10.6
[INFO] [stderr]    Compiling uuid v1.3.0
[INFO] [stderr]    Compiling time v0.3.20
[INFO] [stderr]    Compiling hashlink v0.8.1
[INFO] [stderr]    Compiling axum-core v0.3.3
[INFO] [stderr]    Compiling stringprep v0.1.2
[INFO] [stderr]    Compiling md-5 v0.10.5
[INFO] [stderr]     Checking mime v0.3.17
[INFO] [stderr]     Checking diff v0.1.13
[INFO] [stderr]    Compiling dotenvy v0.15.7
[INFO] [stderr]    Compiling byteorder v1.4.3
[INFO] [stderr]    Compiling hex v0.4.3
[INFO] [stderr]    Compiling whoami v1.4.0
[INFO] [stderr]     Checking yansi v0.5.1
[INFO] [stderr]    Compiling event-listener v2.5.3
[INFO] [stderr]     Checking try-lock v0.2.4
[INFO] [stderr]     Checking want v0.3.0
[INFO] [stderr]     Checking pretty_assertions v1.3.0
[INFO] [stderr]     Checking pin-project v1.0.12
[INFO] [stderr]     Checking h2 v0.3.16
[INFO] [stderr]    Compiling sqlx-core v0.6.3
[INFO] [stderr]    Compiling unimock_macros v0.4.10
[INFO] [stderr]    Compiling axum v0.6.12
[INFO] [stderr]     Checking headers-core v0.2.0
[INFO] [stderr]     Checking base64ct v1.6.0
[INFO] [stderr]    Compiling anyhow v1.0.70
[INFO] [stderr]    Compiling io-lifetimes v1.0.9
[INFO] [stderr]     Checking password-hash v0.5.0
[INFO] [stderr]     Checking headers v0.3.8
[INFO] [stderr]     Checking tower v0.4.13
[INFO] [stderr]     Checking serde_urlencoded v0.7.1
[INFO] [stderr]     Checking serde_path_to_error v0.1.11
[INFO] [stderr]    Compiling entrait_macros v0.5.3
[INFO] [stderr]     Checking blake2 v0.10.6
[INFO] [stderr]     Checking matchit v0.7.0
[INFO] [stderr]     Checking sync_wrapper v0.1.2
[INFO] [stderr]    Compiling rustix v0.36.11
[INFO] [stderr]     Checking implementation v0.1.3
[INFO] [stderr]     Checking argon2 v0.5.0
[INFO] [stderr]     Checking jwt v0.16.0
[INFO] [stderr]     Checking linux-raw-sys v0.1.4
[INFO] [stderr]     Checking unimock v0.4.10
[INFO] [stderr]     Checking futures-executor v0.3.27
[INFO] [stderr]     Checking hyper v0.14.25
[INFO] [stderr]     Checking futures v0.3.27
[INFO] [stderr]     Checking aho-corasick v0.7.20
[INFO] [stderr]     Checking regex-syntax v0.6.29
[INFO] [stderr]     Checking dotenv v0.15.0
[INFO] [stderr]     Checking termcolor v1.2.0
[INFO] [stderr]     Checking os_str_bytes v6.5.0
[INFO] [stderr]    Compiling clap_derive v4.1.12
[INFO] [stderr]     Checking clap_lex v0.3.3
[INFO] [stderr]     Checking strsim v0.10.0
[INFO] [stderr]     Checking regex v1.7.3
[INFO] [stderr]     Checking entrait v0.5.3
[INFO] [stderr]     Checking http-range-header v0.3.0
[INFO] [stderr]     Checking assert_matches v1.5.0
[INFO] [stderr]     Checking tower-http v0.4.0
[INFO] [stderr]     Checking is-terminal v0.4.5
[INFO] [stderr]     Checking env_logger v0.10.0
[INFO] [stderr]     Checking clap v4.1.13
[INFO] [stderr]    Compiling sqlx-macros v0.6.3
[INFO] [stderr]     Checking sqlx v0.6.3
[INFO] [stderr]     Checking realworld-domain v0.1.0 (/opt/rustwide/workdir/realworld_domain)
[INFO] [stderr]     Checking realworld-db v0.1.0 (/opt/rustwide/workdir/realworld_db)
[INFO] [stdout] error: error communicating with database: Cannot assign requested address (os error 99)
[INFO] [stdout]   --> realworld_db/src/article.rs:22:38
[INFO] [stdout]    |
[INFO] [stdout] 22 |           let articles: Vec<Article> = sqlx::query_as!(
[INFO] [stdout]    |  ______________________________________^
[INFO] [stdout] 23 | |             Article,
[INFO] [stdout] 24 | |             // language=PostgreSQL
[INFO] [stdout] 25 | |             r#"
[INFO] [stdout] ...  |
[INFO] [stdout] 85 | |             filter.offset.unwrap_or(0)
[INFO] [stdout] 86 | |         )
[INFO] [stdout]    | |_________^
[INFO] [stdout]    |
[INFO] [stdout]    = note: this error originates in the macro `$crate::sqlx_macros::expand_query` which comes from the expansion of the macro `sqlx::query_as` (in Nightly builds, run with -Z macro-backtrace for more info)
[INFO] [stdout] 
[INFO] [stdout] 
[INFO] [stdout] error: error communicating with database: Cannot assign requested address (os error 99)
[INFO] [stdout]   --> realworld_db/src/article.rs:22:38
[INFO] [stdout]    |
[INFO] [stdout] 22 |           let articles: Vec<Article> = sqlx::query_as!(
[INFO] [stdout]    |  ______________________________________^
[INFO] [stdout] 23 | |             Article,
[INFO] [stdout] 24 | |             // language=PostgreSQL
[INFO] [stdout] 25 | |             r#"
[INFO] [stdout] ...  |
[INFO] [stdout] 85 | |             filter.offset.unwrap_or(0)
[INFO] [stdout] 86 | |         )
[INFO] [stdout]    | |_________^
[INFO] [stdout]    |
[INFO] [stdout]    = note: this error originates in the macro `$crate::sqlx_macros::expand_query` which comes from the expansion of the macro `sqlx::query_as` (in Nightly builds, run with -Z macro-backtrace for more info)
[INFO] [stdout] 
[INFO] [stdout] 
[INFO] [stdout] error: error communicating with database: Cannot assign requested address (os error 99)
[INFO] [stdout]   --> realworld_db/src/article.rs:95:9
[INFO] [stdout]    |
[INFO] [stdout] 95 | /         sqlx::query_scalar!(
[INFO] [stdout] 96 | |             // language=PostgreSQL
[INFO] [stdout] 97 | |             "SELECT article_id FROM app.article WHERE slug = $1",
[INFO] [stdout] 98 | |             slug,
[INFO] [stdout] 99 | |         )
[INFO] [stdout]    | |_________^
[INFO] [stdout]    |
[INFO] [stdout]    = note: this error originates in the macro `$crate::sqlx_macros::expand_query` which comes from the expansion of the macro `sqlx::query_scalar` (in Nightly builds, run with -Z macro-backtrace for more info)
[INFO] [stdout] 
[INFO] [stdout] 
[INFO] [stdout] error: error communicating with database: Cannot assign requested address (os error 99)
[INFO] [stdout]    --> realworld_db/src/article.rs:114:23
[INFO] [stdout]     |
[INFO] [stdout] 114 |           let article = sqlx::query_as!(
[INFO] [stdout]     |  _______________________^
[INFO] [stdout] 115 | |             Article,
[INFO] [stdout] 116 | |             // language=PostgreSQL
[INFO] [stdout] 117 | |             r#"
[INFO] [stdout] ...   |
[INFO] [stdout] 148 | |             tag_list
[INFO] [stdout] 149 | |         )
[INFO] [stdout]     | |_________^
[INFO] [stdout]     |
[INFO] [stdout]     = note: this error originates in the macro `$crate::sqlx_macros::expand_query` which comes from the expansion of the macro `sqlx::query_as` (in Nightly builds, run with -Z macro-backtrace for more info)
[INFO] [stdout] 
[INFO] [stdout] 
[INFO] [stdout] error: error communicating with database: Cannot assign requested address (os error 99)
[INFO] [stdout]   --> realworld_db/src/article.rs:95:9
[INFO] [stdout]    |
[INFO] [stdout] 95 | /         sqlx::query_scalar!(
[INFO] [stdout] 96 | |             // language=PostgreSQL
[INFO] [stdout] 97 | |             "SELECT article_id FROM app.article WHERE slug = $1",
[INFO] [stdout] 98 | |             slug,
[INFO] [stdout] 99 | |         )
[INFO] [stdout]    | |_________^
[INFO] [stdout]    |
[INFO] [stdout]    = note: this error originates in the macro `$crate::sqlx_macros::expand_query` which comes from the expansion of the macro `sqlx::query_scalar` (in Nightly builds, run with -Z macro-backtrace for more info)
[INFO] [stdout] 
[INFO] [stdout] 
[INFO] [stdout] error: error communicating with database: Cannot assign requested address (os error 99)
[INFO] [stdout]    --> realworld_db/src/article.rs:114:23
[INFO] [stdout]     |
[INFO] [stdout] 114 |           let article = sqlx::query_as!(
[INFO] [stdout]     |  _______________________^
[INFO] [stdout] 115 | |             Article,
[INFO] [stdout] 116 | |             // language=PostgreSQL
[INFO] [stdout] 117 | |             r#"
[INFO] [stdout] ...   |
[INFO] [stdout] 148 | |             tag_list
[INFO] [stdout] 149 | |         )
[INFO] [stdout]     | |_________^
[INFO] [stdout]     |
[INFO] [stdout]     = note: this error originates in the macro `$crate::sqlx_macros::expand_query` which comes from the expansion of the macro `sqlx::query_as` (in Nightly builds, run with -Z macro-backtrace for more info)
[INFO] [stdout] 
[INFO] [stdout] 
[INFO] [stdout] error: error communicating with database: Cannot assign requested address (os error 99)
[INFO] [stdout]    --> realworld_db/src/article.rs:167:28
[INFO] [stdout]     |
[INFO] [stdout] 167 |           let article_meta = sqlx::query!(
[INFO] [stdout]     |  ____________________________^
[INFO] [stdout] 168 | |             // This locks the `article` row for the duration of the transaction so we're
[INFO] [stdout] 169 | |             // not interleaving this with other possible updates.
[INFO] [stdout] 170 | |             "SELECT article_id, user_id FROM app.article WHERE slug = $1 FOR UPDATE",
[INFO] [stdout] 171 | |             slug
[INFO] [stdout] 172 | |         )
[INFO] [stdout]     | |_________^
[INFO] [stdout]     |
[INFO] [stdout]     = note: this error originates in the macro `$crate::sqlx_macros::expand_query` which comes from the expansion of the macro `sqlx::query` (in Nightly builds, run with -Z macro-backtrace for more info)
[INFO] [stdout] 
[INFO] [stdout] 
[INFO] [stdout] error: error communicating with database: Cannot assign requested address (os error 99)
[INFO] [stdout]    --> realworld_db/src/article.rs:181:9
[INFO] [stdout]     |
[INFO] [stdout] 181 | /         sqlx::query!(
[INFO] [stdout] 182 | |             // language=PostgreSQL
[INFO] [stdout] 183 | |             r#"
[INFO] [stdout] 184 | |             UPDATE app.article
[INFO] [stdout] ...   |
[INFO] [stdout] 196 | |             article_meta.article_id
[INFO] [stdout] 197 | |         )
[INFO] [stdout]     | |_________^
[INFO] [stdout]     |
[INFO] [stdout]     = note: this error originates in the macro `$crate::sqlx_macros::expand_query` which comes from the expansion of the macro `sqlx::query` (in Nightly builds, run with -Z macro-backtrace for more info)
[INFO] [stdout] 
[INFO] [stdout] 
[INFO] [stdout] error: error communicating with database: Cannot assign requested address (os error 99)
[INFO] [stdout]    --> realworld_db/src/article.rs:212:22
[INFO] [stdout]     |
[INFO] [stdout] 212 |           let result = sqlx::query!(
[INFO] [stdout]     |  ______________________^
[INFO] [stdout] 213 | |             // I like to use raw strings for most queries mainly because CLion doesn't try
[INFO] [stdout] 214 | |             // to escape newlines.
[INFO] [stdout] 215 | |             // language=PostgreSQL
[INFO] [stdout] ...   |
[INFO] [stdout] 229 | |             user_id
[INFO] [stdout] 230 | |         )
[INFO] [stdout]     | |_________^
[INFO] [stdout]     |
[INFO] [stdout]     = note: this error originates in the macro `$crate::sqlx_macros::expand_query` which comes from the expansion of the macro `sqlx::query` (in Nightly builds, run with -Z macro-backtrace for more info)
[INFO] [stdout] 
[INFO] [stdout] 
[INFO] [stdout] error: error communicating with database: Cannot assign requested address (os error 99)
[INFO] [stdout]    --> realworld_db/src/article.rs:167:28
[INFO] [stdout]     |
[INFO] [stdout] 167 |           let article_meta = sqlx::query!(
[INFO] [stdout]     |  ____________________________^
[INFO] [stdout] 168 | |             // This locks the `article` row for the duration of the transaction so we're
[INFO] [stdout] 169 | |             // not interleaving this with other possible updates.
[INFO] [stdout] 170 | |             "SELECT article_id, user_id FROM app.article WHERE slug = $1 FOR UPDATE",
[INFO] [stdout] 171 | |             slug
[INFO] [stdout] 172 | |         )
[INFO] [stdout]     | |_________^
[INFO] [stdout]     |
[INFO] [stdout]     = note: this error originates in the macro `$crate::sqlx_macros::expand_query` which comes from the expansion of the macro `sqlx::query` (in Nightly builds, run with -Z macro-backtrace for more info)
[INFO] [stdout] 
[INFO] [stdout] 
[INFO] [stdout] error: error communicating with database: Cannot assign requested address (os error 99)
[INFO] [stdout]    --> realworld_db/src/article.rs:181:9
[INFO] [stdout]     |
[INFO] [stdout] 181 | /         sqlx::query!(
[INFO] [stdout] 182 | |             // language=PostgreSQL
[INFO] [stdout] 183 | |             r#"
[INFO] [stdout] 184 | |             UPDATE app.article
[INFO] [stdout] ...   |
[INFO] [stdout] 196 | |             article_meta.article_id
[INFO] [stdout] 197 | |         )
[INFO] [stdout]     | |_________^
[INFO] [stdout]     |
[INFO] [stdout]     = note: this error originates in the macro `$crate::sqlx_macros::expand_query` which comes from the expansion of the macro `sqlx::query` (in Nightly builds, run with -Z macro-backtrace for more info)
[INFO] [stdout] 
[INFO] [stdout] 
[INFO] [stdout] error: error communicating with database: Cannot assign requested address (os error 99)
[INFO] [stdout]    --> realworld_db/src/article.rs:212:22
[INFO] [stdout]     |
[INFO] [stdout] 212 |           let result = sqlx::query!(
[INFO] [stdout]     |  ______________________^
[INFO] [stdout] 213 | |             // I like to use raw strings for most queries mainly because CLion doesn't try
[INFO] [stdout] 214 | |             // to escape newlines.
[INFO] [stdout] 215 | |             // language=PostgreSQL
[INFO] [stdout] ...   |
[INFO] [stdout] 229 | |             user_id
[INFO] [stdout] 230 | |         )
[INFO] [stdout]     | |_________^
[INFO] [stdout]     |
[INFO] [stdout]     = note: this error originates in the macro `$crate::sqlx_macros::expand_query` which comes from the expansion of the macro `sqlx::query` (in Nightly builds, run with -Z macro-backtrace for more info)
[INFO] [stdout] 
[INFO] [stdout] 
[INFO] [stdout] error: error communicating with database: Cannot assign requested address (os error 99)
[INFO] [stdout]    --> realworld_db/src/article.rs:248:9
[INFO] [stdout]     |
[INFO] [stdout] 248 | /         sqlx::query_scalar!(
[INFO] [stdout] 249 | |             r#"
[INFO] [stdout] 250 | |             WITH selected_article AS (
[INFO] [stdout] 251 | |                 SELECT article_id FROM app.article WHERE slug = $1
[INFO] [stdout] ...   |
[INFO] [stdout] 262 | |             user_id
[INFO] [stdout] 263 | |         )
[INFO] [stdout]     | |_________^
[INFO] [stdout]     |
[INFO] [stdout]     = note: this error originates in the macro `$crate::sqlx_macros::expand_query` which comes from the expansion of the macro `sqlx::query_scalar` (in Nightly builds, run with -Z macro-backtrace for more info)
[INFO] [stdout] 
[INFO] [stdout] 
[INFO] [stdout] error: error communicating with database: Cannot assign requested address (os error 99)
[INFO] [stdout]    --> realworld_db/src/article.rs:276:9
[INFO] [stdout]     |
[INFO] [stdout] 276 | /         sqlx::query_scalar!(
[INFO] [stdout] 277 | |             r#"
[INFO] [stdout] 278 | |             WITH selected_article AS (
[INFO] [stdout] 279 | |                 SELECT article_id FROM app.article WHERE slug = $1
[INFO] [stdout] ...   |
[INFO] [stdout] 289 | |             user_id
[INFO] [stdout] 290 | |         )
[INFO] [stdout]     | |_________^
[INFO] [stdout]     |
[INFO] [stdout]     = note: this error originates in the macro `$crate::sqlx_macros::expand_query` which comes from the expansion of the macro `sqlx::query_scalar` (in Nightly builds, run with -Z macro-backtrace for more info)
[INFO] [stdout] 
[INFO] [stdout] 
[INFO] [stdout] error: error communicating with database: Cannot assign requested address (os error 99)
[INFO] [stdout]    --> realworld_db/src/article.rs:248:9
[INFO] [stdout]     |
[INFO] [stdout] 248 | /         sqlx::query_scalar!(
[INFO] [stdout] 249 | |             r#"
[INFO] [stdout] 250 | |             WITH selected_article AS (
[INFO] [stdout] 251 | |                 SELECT article_id FROM app.article WHERE slug = $1
[INFO] [stdout] ...   |
[INFO] [stdout] 262 | |             user_id
[INFO] [stdout] 263 | |         )
[INFO] [stdout]     | |_________^
[INFO] [stdout]     |
[INFO] [stdout]     = note: this error originates in the macro `$crate::sqlx_macros::expand_query` which comes from the expansion of the macro `sqlx::query_scalar` (in Nightly builds, run with -Z macro-backtrace for more info)
[INFO] [stdout] 
[INFO] [stdout] 
[INFO] [stdout] error: error communicating with database: Cannot assign requested address (os error 99)
[INFO] [stdout]    --> realworld_db/src/article.rs:276:9
[INFO] [stdout]     |
[INFO] [stdout] 276 | /         sqlx::query_scalar!(
[INFO] [stdout] 277 | |             r#"
[INFO] [stdout] 278 | |             WITH selected_article AS (
[INFO] [stdout] 279 | |                 SELECT article_id FROM app.article WHERE slug = $1
[INFO] [stdout] ...   |
[INFO] [stdout] 289 | |             user_id
[INFO] [stdout] 290 | |         )
[INFO] [stdout]     | |_________^
[INFO] [stdout]     |
[INFO] [stdout]     = note: this error originates in the macro `$crate::sqlx_macros::expand_query` which comes from the expansion of the macro `sqlx::query_scalar` (in Nightly builds, run with -Z macro-backtrace for more info)
[INFO] [stdout] 
[INFO] [stdout] 
[INFO] [stdout] error: error communicating with database: Cannot assign requested address (os error 99)
[INFO] [stdout]   --> realworld_db/src/comment.rs:21:24
[INFO] [stdout]    |
[INFO] [stdout] 21 |           let comments = sqlx::query_as!(
[INFO] [stdout]    |  ________________________^
[INFO] [stdout] 22 | |         Comment,
[INFO] [stdout] 23 | |         r#"
[INFO] [stdout] 24 | |         SELECT
[INFO] [stdout] ...  |
[INFO] [stdout] 41 | |         article_id
[INFO] [stdout] 42 | |     )
[INFO] [stdout]    | |_____^
[INFO] [stdout]    |
[INFO] [stdout]    = note: this error originates in the macro `$crate::sqlx_macros::expand_query` which comes from the expansion of the macro `sqlx::query_as` (in Nightly builds, run with -Z macro-backtrace for more info)
[INFO] [stdout] 
[INFO] [stdout] 
[INFO] [stdout] error: error communicating with database: Cannot assign requested address (os error 99)
[INFO] [stdout]   --> realworld_db/src/comment.rs:56:23
[INFO] [stdout]    |
[INFO] [stdout] 56 |           let comment = sqlx::query_as!(
[INFO] [stdout]    |  _______________________^
[INFO] [stdout] 57 | |             Comment,
[INFO] [stdout] 58 | |             r#"
[INFO] [stdout] 59 | |             WITH inserted_comment AS (
[INFO] [stdout] ...  |
[INFO] [stdout] 80 | |             article_slug,
[INFO] [stdout] 81 | |         )
[INFO] [stdout]    | |_________^
[INFO] [stdout]    |
[INFO] [stdout]    = note: this error originates in the macro `$crate::sqlx_macros::expand_query` which comes from the expansion of the macro `sqlx::query_as` (in Nightly builds, run with -Z macro-backtrace for more info)
[INFO] [stdout] 
[INFO] [stdout] 
[INFO] [stdout] error: error communicating with database: Cannot assign requested address (os error 99)
[INFO] [stdout]    --> realworld_db/src/comment.rs:95:22
[INFO] [stdout]     |
[INFO] [stdout] 95  |           let result = sqlx::query!(
[INFO] [stdout]     |  ______________________^
[INFO] [stdout] 96  | |             r#"
[INFO] [stdout] 97  | |             WITH deleted_comment AS (
[INFO] [stdout] 98  | |                 DELETE FROM app.article_comment
[INFO] [stdout] ...   |
[INFO] [stdout] 117 | |             current_user.0
[INFO] [stdout] 118 | |         )
[INFO] [stdout]     | |_________^
[INFO] [stdout]     |
[INFO] [stdout]     = note: this error originates in the macro `$crate::sqlx_macros::expand_query` which comes from the expansion of the macro `sqlx::query` (in Nightly builds, run with -Z macro-backtrace for more info)
[INFO] [stdout] 
[INFO] [stdout] 
[INFO] [stdout] error: error communicating with database: Cannot assign requested address (os error 99)
[INFO] [stdout]   --> realworld_db/src/comment.rs:21:24
[INFO] [stdout]    |
[INFO] [stdout] 21 |           let comments = sqlx::query_as!(
[INFO] [stdout]    |  ________________________^
[INFO] [stdout] 22 | |         Comment,
[INFO] [stdout] 23 | |         r#"
[INFO] [stdout] 24 | |         SELECT
[INFO] [stdout] ...  |
[INFO] [stdout] 41 | |         article_id
[INFO] [stdout] 42 | |     )
[INFO] [stdout]    | |_____^
[INFO] [stdout]    |
[INFO] [stdout]    = note: this error originates in the macro `$crate::sqlx_macros::expand_query` which comes from the expansion of the macro `sqlx::query_as` (in Nightly builds, run with -Z macro-backtrace for more info)
[INFO] [stdout] 
[INFO] [stdout] 
[INFO] [stdout] error: error communicating with database: Cannot assign requested address (os error 99)
[INFO] [stdout]   --> realworld_db/src/comment.rs:56:23
[INFO] [stdout]    |
[INFO] [stdout] 56 |           let comment = sqlx::query_as!(
[INFO] [stdout]    |  _______________________^
[INFO] [stdout] 57 | |             Comment,
[INFO] [stdout] 58 | |             r#"
[INFO] [stdout] 59 | |             WITH inserted_comment AS (
[INFO] [stdout] ...  |
[INFO] [stdout] 80 | |             article_slug,
[INFO] [stdout] 81 | |         )
[INFO] [stdout]    | |_________^
[INFO] [stdout]    |
[INFO] [stdout]    = note: this error originates in the macro `$crate::sqlx_macros::expand_query` which comes from the expansion of the macro `sqlx::query_as` (in Nightly builds, run with -Z macro-backtrace for more info)
[INFO] [stdout] 
[INFO] [stdout] 
[INFO] [stdout] error: error communicating with database: Cannot assign requested address (os error 99)
[INFO] [stdout]    --> realworld_db/src/comment.rs:95:22
[INFO] [stdout]     |
[INFO] [stdout] 95  |           let result = sqlx::query!(
[INFO] [stdout]     |  ______________________^
[INFO] [stdout] 96  | |             r#"
[INFO] [stdout] 97  | |             WITH deleted_comment AS (
[INFO] [stdout] 98  | |                 DELETE FROM app.article_comment
[INFO] [stdout] ...   |
[INFO] [stdout] 117 | |             current_user.0
[INFO] [stdout] 118 | |         )
[INFO] [stdout]     | |_________^
[INFO] [stdout]     |
[INFO] [stdout]     = note: this error originates in the macro `$crate::sqlx_macros::expand_query` which comes from the expansion of the macro `sqlx::query` (in Nightly builds, run with -Z macro-backtrace for more info)
[INFO] [stdout] 
[INFO] [stdout] 
[INFO] [stdout] error: error communicating with database: Cannot assign requested address (os error 99)
[INFO] [stdout]   --> realworld_db/src/user.rs:22:18
[INFO] [stdout]    |
[INFO] [stdout] 22 |           let id = sqlx::query_scalar!(
[INFO] [stdout]    |  __________________^
[INFO] [stdout] 23 | |             r#"INSERT INTO app.user (username, email, password_hash) VALUES ($1, $2, $3) RETURNING user_id"#,
[INFO] [stdout] 24 | |             username,
[INFO] [stdout] 25 | |             email.as_ref(),
[INFO] [stdout] 26 | |             password_hash.0
[INFO] [stdout] 27 | |         )
[INFO] [stdout]    | |_________^
[INFO] [stdout]    |
[INFO] [stdout]    = note: this error originates in the macro `$crate::sqlx_macros::expand_query` which comes from the expansion of the macro `sqlx::query_scalar` (in Nightly builds, run with -Z macro-backtrace for more info)
[INFO] [stdout] 
[INFO] [stdout] 
[INFO] [stdout] error: error communicating with database: Cannot assign requested address (os error 99)
[INFO] [stdout]   --> realworld_db/src/user.rs:51:22
[INFO] [stdout]    |
[INFO] [stdout] 51 |           let record = sqlx::query!(
[INFO] [stdout]    |  ______________________^
[INFO] [stdout] 52 | |             r#"SELECT user_id, email, username, password_hash, bio, image FROM app.user WHERE user_id = $1"#,
[INFO] [stdout] 53 | |             user_id
[INFO] [stdout] 54 | |         )
[INFO] [stdout]    | |_________^
[INFO] [stdout]    |
[INFO] [stdout]    = note: this error originates in the macro `$crate::sqlx_macros::expand_query` which comes from the expansion of the macro `sqlx::query` (in Nightly builds, run with -Z macro-backtrace for more info)
[INFO] [stdout] 
[INFO] [stdout] 
[INFO] [stdout] error: error communicating with database: Cannot assign requested address (os error 99)
[INFO] [stdout]   --> realworld_db/src/user.rs:78:22
[INFO] [stdout]    |
[INFO] [stdout] 78 |           let record = sqlx::query!(
[INFO] [stdout]    |  ______________________^
[INFO] [stdout] 79 | |             r#"SELECT user_id, email, username, password_hash, bio, image FROM app.user WHERE email = $1"#,
[INFO] [stdout] 80 | |             email.as_ref()
[INFO] [stdout] 81 | |         )
[INFO] [stdout]    | |_________^
[INFO] [stdout]    |
[INFO] [stdout]    = note: this error originates in the macro `$crate::sqlx_macros::expand_query` which comes from the expansion of the macro `sqlx::query` (in Nightly builds, run with -Z macro-backtrace for more info)
[INFO] [stdout] 
[INFO] [stdout] 
[INFO] [stdout] error: error communicating with database: Cannot assign requested address (os error 99)
[INFO] [stdout]    --> realworld_db/src/user.rs:106:22
[INFO] [stdout]     |
[INFO] [stdout] 106 |           let record = sqlx::query!(
[INFO] [stdout]     |  ______________________^
[INFO] [stdout] 107 | |             r#"
[INFO] [stdout] 108 | |             SELECT
[INFO] [stdout] 109 | |                 user_id,
[INFO] [stdout] ...   |
[INFO] [stdout] 121 | |             current_user.0
[INFO] [stdout] 122 | |         )
[INFO] [stdout]     | |_________^
[INFO] [stdout]     |
[INFO] [stdout]     = note: this error originates in the macro `$crate::sqlx_macros::expand_query` which comes from the expansion of the macro `sqlx::query` (in Nightly builds, run with -Z macro-backtrace for more info)
[INFO] [stdout] 
[INFO] [stdout] 
[INFO] [stdout] error: error communicating with database: Cannot assign requested address (os error 99)
[INFO] [stdout]    --> realworld_db/src/user.rs:144:22
[INFO] [stdout]     |
[INFO] [stdout] 144 |           let record = sqlx::query!(
[INFO] [stdout]     |  ______________________^
[INFO] [stdout] 145 | |             // language=PostgreSQL
[INFO] [stdout] 146 | |             r#"
[INFO] [stdout] 147 | |             UPDATE app.user SET
[INFO] [stdout] ...   |
[INFO] [stdout] 161 | |             current_user_id.0
[INFO] [stdout] 162 | |         )
[INFO] [stdout]     | |_________^
[INFO] [stdout]     |
[INFO] [stdout]     = note: this error originates in the macro `$crate::sqlx_macros::expand_query` which comes from the expansion of the macro `sqlx::query` (in Nightly builds, run with -Z macro-backtrace for more info)
[INFO] [stdout] 
[INFO] [stdout] 
[INFO] [stdout] error: error communicating with database: Cannot assign requested address (os error 99)
[INFO] [stdout]    --> realworld_db/src/user.rs:187:22
[INFO] [stdout]     |
[INFO] [stdout] 187 |           let result = sqlx::query!(
[INFO] [stdout]     |  ______________________^
[INFO] [stdout] 188 | |             r#"
[INFO] [stdout] 189 | |             WITH id_pair AS (
[INFO] [stdout] 190 | |                 SELECT
[INFO] [stdout] ...   |
[INFO] [stdout] 206 | |             username
[INFO] [stdout] 207 | |         )
[INFO] [stdout]     | |_________^
[INFO] [stdout]     |
[INFO] [stdout]     = note: this error originates in the macro `$crate::sqlx_macros::expand_query` which comes from the expansion of the macro `sqlx::query` (in Nightly builds, run with -Z macro-backtrace for more info)
[INFO] [stdout] 
[INFO] [stdout] 
[INFO] [stdout] error: error communicating with database: Cannot assign requested address (os error 99)
[INFO] [stdout]   --> realworld_db/src/user.rs:22:18
[INFO] [stdout]    |
[INFO] [stdout] 22 |           let id = sqlx::query_scalar!(
[INFO] [stdout]    |  __________________^
[INFO] [stdout] 23 | |             r#"INSERT INTO app.user (username, email, password_hash) VALUES ($1, $2, $3) RETURNING user_id"#,
[INFO] [stdout] 24 | |             username,
[INFO] [stdout] 25 | |             email.as_ref(),
[INFO] [stdout] 26 | |             password_hash.0
[INFO] [stdout] 27 | |         )
[INFO] [stdout]    | |_________^
[INFO] [stdout]    |
[INFO] [stdout]    = note: this error originates in the macro `$crate::sqlx_macros::expand_query` which comes from the expansion of the macro `sqlx::query_scalar` (in Nightly builds, run with -Z macro-backtrace for more info)
[INFO] [stdout] 
[INFO] [stdout] 
[INFO] [stdout] error: error communicating with database: Cannot assign requested address (os error 99)
[INFO] [stdout]    --> realworld_db/src/user.rs:225:22
[INFO] [stdout]     |
[INFO] [stdout] 225 |           let result = sqlx::query!(
[INFO] [stdout]     |  ______________________^
[INFO] [stdout] 226 | |             r#"
[INFO] [stdout] 227 | |             WITH other_user AS (
[INFO] [stdout] 228 | |                 SELECT user_id FROM app.user WHERE username = $2
[INFO] [stdout] ...   |
[INFO] [stdout] 243 | |             username
[INFO] [stdout] 244 | |         )
[INFO] [stdout]     | |_________^
[INFO] [stdout]     |
[INFO] [stdout]     = note: this error originates in the macro `$crate::sqlx_macros::expand_query` which comes from the expansion of the macro `sqlx::query` (in Nightly builds, run with -Z macro-backtrace for more info)
[INFO] [stdout] 
[INFO] [stdout] 
[INFO] [stdout] error: error communicating with database: Cannot assign requested address (os error 99)
[INFO] [stdout]   --> realworld_db/src/user.rs:51:22
[INFO] [stdout]    |
[INFO] [stdout] 51 |           let record = sqlx::query!(
[INFO] [stdout]    |  ______________________^
[INFO] [stdout] 52 | |             r#"SELECT user_id, email, username, password_hash, bio, image FROM app.user WHERE user_id = $1"#,
[INFO] [stdout] 53 | |             user_id
[INFO] [stdout] 54 | |         )
[INFO] [stdout]    | |_________^
[INFO] [stdout]    |
[INFO] [stdout]    = note: this error originates in the macro `$crate::sqlx_macros::expand_query` which comes from the expansion of the macro `sqlx::query` (in Nightly builds, run with -Z macro-backtrace for more info)
[INFO] [stdout] 
[INFO] [stdout] 
[INFO] [stdout] error: error communicating with database: Cannot assign requested address (os error 99)
[INFO] [stdout]   --> realworld_db/src/user.rs:78:22
[INFO] [stdout]    |
[INFO] [stdout] 78 |           let record = sqlx::query!(
[INFO] [stdout]    |  ______________________^
[INFO] [stdout] 79 | |             r#"SELECT user_id, email, username, password_hash, bio, image FROM app.user WHERE email = $1"#,
[INFO] [stdout] 80 | |             email.as_ref()
[INFO] [stdout] 81 | |         )
[INFO] [stdout]    | |_________^
[INFO] [stdout]    |
[INFO] [stdout]    = note: this error originates in the macro `$crate::sqlx_macros::expand_query` which comes from the expansion of the macro `sqlx::query` (in Nightly builds, run with -Z macro-backtrace for more info)
[INFO] [stdout] 
[INFO] [stdout] 
[INFO] [stdout] error: error communicating with database: Cannot assign requested address (os error 99)
[INFO] [stdout]    --> realworld_db/src/user.rs:106:22
[INFO] [stdout]     |
[INFO] [stdout] 106 |           let record = sqlx::query!(
[INFO] [stdout]     |  ______________________^
[INFO] [stdout] 107 | |             r#"
[INFO] [stdout] 108 | |             SELECT
[INFO] [stdout] 109 | |                 user_id,
[INFO] [stdout] ...   |
[INFO] [stdout] 121 | |             current_user.0
[INFO] [stdout] 122 | |         )
[INFO] [stdout]     | |_________^
[INFO] [stdout]     |
[INFO] [stdout]     = note: this error originates in the macro `$crate::sqlx_macros::expand_query` which comes from the expansion of the macro `sqlx::query` (in Nightly builds, run with -Z macro-backtrace for more info)
[INFO] [stdout] 
[INFO] [stdout] 
[INFO] [stdout] error: error communicating with database: Cannot assign requested address (os error 99)
[INFO] [stdout]    --> realworld_db/src/user.rs:144:22
[INFO] [stdout]     |
[INFO] [stdout] 144 |           let record = sqlx::query!(
[INFO] [stdout]     |  ______________________^
[INFO] [stdout] 145 | |             // language=PostgreSQL
[INFO] [stdout] 146 | |             r#"
[INFO] [stdout] 147 | |             UPDATE app.user SET
[INFO] [stdout] ...   |
[INFO] [stdout] 161 | |             current_user_id.0
[INFO] [stdout] 162 | |         )
[INFO] [stdout]     | |_________^
[INFO] [stdout]     |
[INFO] [stdout]     = note: this error originates in the macro `$crate::sqlx_macros::expand_query` which comes from the expansion of the macro `sqlx::query` (in Nightly builds, run with -Z macro-backtrace for more info)
[INFO] [stdout] 
[INFO] [stdout] 
[INFO] [stdout] error: error communicating with database: Cannot assign requested address (os error 99)
[INFO] [stdout]    --> realworld_db/src/user.rs:187:22
[INFO] [stdout]     |
[INFO] [stdout] 187 |           let result = sqlx::query!(
[INFO] [stdout]     |  ______________________^
[INFO] [stdout] 188 | |             r#"
[INFO] [stdout] 189 | |             WITH id_pair AS (
[INFO] [stdout] 190 | |                 SELECT
[INFO] [stdout] ...   |
[INFO] [stdout] 206 | |             username
[INFO] [stdout] 207 | |         )
[INFO] [stdout]     | |_________^
[INFO] [stdout]     |
[INFO] [stdout]     = note: this error originates in the macro `$crate::sqlx_macros::expand_query` which comes from the expansion of the macro `sqlx::query` (in Nightly builds, run with -Z macro-backtrace for more info)
[INFO] [stdout] 
[INFO] [stdout] 
[INFO] [stdout] error: error communicating with database: Cannot assign requested address (os error 99)
[INFO] [stdout]    --> realworld_db/src/user.rs:225:22
[INFO] [stdout]     |
[INFO] [stdout] 225 |           let result = sqlx::query!(
[INFO] [stdout]     |  ______________________^
[INFO] [stdout] 226 | |             r#"
[INFO] [stdout] 227 | |             WITH other_user AS (
[INFO] [stdout] 228 | |                 SELECT user_id FROM app.user WHERE username = $2
[INFO] [stdout] ...   |
[INFO] [stdout] 243 | |             username
[INFO] [stdout] 244 | |         )
[INFO] [stdout]     | |_________^
[INFO] [stdout]     |
[INFO] [stdout]     = note: this error originates in the macro `$crate::sqlx_macros::expand_query` which comes from the expansion of the macro `sqlx::query` (in Nightly builds, run with -Z macro-backtrace for more info)
[INFO] [stdout] 
[INFO] [stdout] 
[INFO] [stdout] warning: unused import: `realworld_domain::timestamp::Timestamptz`
[INFO] [stdout]  --> realworld_db/src/article.rs:6:5
[INFO] [stdout]   |
[INFO] [stdout] 6 | use realworld_domain::timestamp::Timestamptz;
[INFO] [stdout]   |     ^^^^^^^^^^^^^^^^^^^^^^^^^^^^^^^^^^^^^^^^
[INFO] [stdout]   |
[INFO] [stdout]   = note: `#[warn(unused_imports)]` on by default
[INFO] [stdout] 
[INFO] [stdout] 
[INFO] [stdout] warning: unused import: `realworld_domain::timestamp::Timestamptz`
[INFO] [stdout]  --> realworld_db/src/article.rs:6:5
[INFO] [stdout]   |
[INFO] [stdout] 6 | use realworld_domain::timestamp::Timestamptz;
[INFO] [stdout]   |     ^^^^^^^^^^^^^^^^^^^^^^^^^^^^^^^^^^^^^^^^
[INFO] [stdout]   |
[INFO] [stdout]   = note: `#[warn(unused_imports)]` on by default
[INFO] [stdout] 
[INFO] [stdout] 
[INFO] [stdout] warning: unused import: `futures::TryStreamExt`
[INFO] [stdout]   --> realworld_db/src/article.rs:10:5
[INFO] [stdout]    |
[INFO] [stdout] 10 | use futures::TryStreamExt;
[INFO] [stdout]    |     ^^^^^^^^^^^^^^^^^^^^^
[INFO] [stdout] 
[INFO] [stdout] 
[INFO] [stdout] warning: unused import: `crate::DbResultExt`
[INFO] [stdout]  --> realworld_db/src/article.rs:1:5
[INFO] [stdout]   |
[INFO] [stdout] 1 | use crate::DbResultExt;
[INFO] [stdout]   |     ^^^^^^^^^^^^^^^^^^
[INFO] [stdout] 
[INFO] [stdout] 
[INFO] [stdout] warning: unused import: `crate::DbResultExt`
[INFO] [stdout]  --> realworld_db/src/user.rs:1:5
[INFO] [stdout]   |
[INFO] [stdout] 1 | use crate::DbResultExt;
[INFO] [stdout]   |     ^^^^^^^^^^^^^^^^^^
[INFO] [stdout] 
[INFO] [stdout] 
[INFO] [stdout] warning: unused import: `futures::TryStreamExt`
[INFO] [stdout]  --> realworld_db/src/comment.rs:7:5
[INFO] [stdout]   |
[INFO] [stdout] 7 | use futures::TryStreamExt;
[INFO] [stdout]   |     ^^^^^^^^^^^^^^^^^^^^^
[INFO] [stdout] 
[INFO] [stdout] 
[INFO] [stdout] error: aborting due to 18 previous errors; 5 warnings emitted
[INFO] [stdout] 
[INFO] [stdout] 
[INFO] [stderr] error: could not compile `realworld-db` (lib) due to 19 previous errors; 5 warnings emitted
[INFO] [stderr] warning: build failed, waiting for other jobs to finish...
[INFO] [stdout] warning: unused import: `futures::TryStreamExt`
[INFO] [stdout]   --> realworld_db/src/article.rs:10:5
[INFO] [stdout]    |
[INFO] [stdout] 10 | use futures::TryStreamExt;
[INFO] [stdout]    |     ^^^^^^^^^^^^^^^^^^^^^
[INFO] [stdout] 
[INFO] [stdout] 
[INFO] [stdout] warning: unused import: `crate::DbResultExt`
[INFO] [stdout]  --> realworld_db/src/article.rs:1:5
[INFO] [stdout]   |
[INFO] [stdout] 1 | use crate::DbResultExt;
[INFO] [stdout]   |     ^^^^^^^^^^^^^^^^^^
[INFO] [stdout] 
[INFO] [stdout] 
[INFO] [stdout] warning: unused import: `futures::TryStreamExt`
[INFO] [stdout]  --> realworld_db/src/comment.rs:7:5
[INFO] [stdout]   |
[INFO] [stdout] 7 | use futures::TryStreamExt;
[INFO] [stdout]   |     ^^^^^^^^^^^^^^^^^^^^^
[INFO] [stdout] 
[INFO] [stdout] 
[INFO] [stdout] warning: unused import: `crate::DbResultExt`
[INFO] [stdout]  --> realworld_db/src/user.rs:1:5
[INFO] [stdout]   |
[INFO] [stdout] 1 | use crate::DbResultExt;
[INFO] [stdout]   |     ^^^^^^^^^^^^^^^^^^
[INFO] [stdout] 
[INFO] [stdout] 
[INFO] [stdout] error: aborting due to 18 previous errors; 5 warnings emitted
[INFO] [stdout] 
[INFO] [stdout] 
[INFO] [stderr] error: could not compile `realworld-db` (lib test) due to 19 previous errors; 5 warnings emitted
[INFO] running `Command { std: "docker" "inspect" "5318bee1c56ec4df258b4d08f207961fedeabcb3636e85b7e568cb80ffe932ba", kill_on_drop: false }`
[INFO] running `Command { std: "docker" "rm" "-f" "5318bee1c56ec4df258b4d08f207961fedeabcb3636e85b7e568cb80ffe932ba", kill_on_drop: false }`
[INFO] [stdout] 5318bee1c56ec4df258b4d08f207961fedeabcb3636e85b7e568cb80ffe932ba
